the hundreds digit of u/(-130) - (-9321)/10?
9
Let a(w) = -w**2 - 21*w - 85. Let m be a(-15). Suppose -2*x + 5*x + c - 802 = 0, 2*x = m*c + 512. What is the hundreds digit of x?
2
Let c be (304/(-380))/(((-3)/(-20))/(-3)). Suppose -4*q - 3*j + 82 = 0, 4 = -q - 5*j + c. Suppose w - 32 = -u, 66 + q = 3*u + w. What is the tens digit of u?
2
Let o = 16628 - -4324. Suppose 11*g + 5519 = o. What is the hundreds digit of g?
4
Let w be -20*((-32)/(-30))/(6/(-9)). Suppose -w = -28*s + 32*s. Let u(l) = 3*l**2 - 1. What is the units digit of u(s)?
1
Let y(z) = 61*z**2 + 5*z + 6. Suppose -17 = -3*q - 5*p, 6*p - 10 = -2*q + 4*p. Suppose -3*d - 12 = 0, -q*j - 4*d = -8*j + 8. What is the units digit of y(j)?
0
Let f(v) = -12*v**2 - 28*v + 16. Let x be f(-10). Let u = 1320 + x. What is the tens digit of u?
1
Let c = 29 + 5135. What is the tens digit of c?
6
Let a(o) = 41*o + 36. Let v(q) = -q + 1. Let j(k) = -a(k) - 5*v(k). What is the units digit of j(-17)?
1
Let l = -903 + 3971. Suppose -5*d + 4*u = -0*d - l, 0 = 5*u - 15. What is the units digit of d?
6
Suppose 3*y - c = -y + 583, 0 = -5*y - c + 722. What is the hundreds digit of 108373/y + 4/(-10)?
7
Let v(w) = -26*w + 108. Let q = 165 - 181. What is the tens digit of v(q)?
2
Suppose 0 = m - 744 - 338. Suppose -2*r + 2753 = 5*k, -2*r + m = 2*k - 6*r. What is the hundreds digit of k?
5
Suppose -3*t = 4 - 1, -3*t - 23 = 5*g. Let d(j) = 5*j + 5. Let c be d(g). Let l = -13 - c. What is the units digit of l?
2
Suppose 6*k + 400 = 11*k. Let q(h) = 3*h + 8. Let y be q(15). Let r = k + y. What is the units digit of r?
3
What is the thousands digit of 21*(-47650)/(-135) + (-144)/648?
7
What is the units digit of 9 - (5 - -6) - 17/(34/(-42780))?
8
Let v(d) = 6174*d**2 + 215*d + 214. What is the tens digit of v(-1)?
7
Suppose 4499*v + 2150799 = 4568*v. What is the thousands digit of v?
1
Let v(i) = -171*i + 135. Let h be v(-9). Suppose 7*m - h = 4003. What is the hundreds digit of m?
8
Let l be -2 + (-66)/(-7) - 15/35. Let u be (-2 - 108/(-63)) + (-40)/l. What is the tens digit of -202*(u/(-3) - (-12)/(-4))?
0
Suppose 0 = 3*f - 4*f + 22. Let m(r) = r**3 - 18*r**2 - 75*r - 8. What is the tens digit of m(f)?
7
Let r(n) be the second derivative of n**3/6 + 5*n**2 - 6*n. Let w be r(-14). What is the units digit of (w/8)/((-4)/(-8)) + 138?
7
Suppose -v - 12 = 42. Let j = 54 + v. Let g = j + 21. What is the tens digit of g?
2
Let y(o) = o**2 - 5*o - 79. Let u be y(14). What is the units digit of (0 + 2 + u)*(-3 - -7)?
6
Let h(n) = -11*n + 14. Let v be h(1). Suppose -14 = v*r + 1, j - 1116 = 4*r. What is the units digit of j?
6
Let q(n) = -21 + 2*n - 20*n + 36*n + n. Let p be q(11). Let t = p - 65. What is the tens digit of t?
2
Let q = -321 - -717. Suppose 3*j = -5*u + 243 + 368, -4*j - 2*u = -824. Suppose y - 3*y + q = 4*h, y - j = h. What is the tens digit of y?
0
Let o = 112 + -586. Let x be (-3 - -4)/(-2*(-3)/o). Let c = 41 - x. What is the hundreds digit of c?
1
Let z(r) = 208*r + 5324. What is the thousands digit of z(21)?
9
Let i be 3/((-2120)/(-2132) - 1). Let a = -219 - i. What is the units digit of a?
4
Suppose 3*c - 9 = 0, -4*q + c + 89187 = q. What is the thousands digit of q?
7
Let z(m) = -62*m - 7. Let r(p) = 4*p - 5*p - 5 + 0*p - p**2 + 13. Let y be r(-4). What is the tens digit of z(y)?
4
Suppose -x + 3*m = 0, 0 = 2*x + x + 4*m - 26. Let i(k) = 10 - k**2 + 5*k + 9 - x + 3. What is the units digit of i(7)?
2
Suppose -u + 2*y = -9200, 0 = -4*u + 149*y - 146*y + 36830. What is the hundreds digit of u?
2
What is the tens digit of 6/(-1) + (-6260)/(-12)*(-6570)/(-75)?
9
Let b = -7197 - -16909. What is the thousands digit of b?
9
What is the ten thousands digit of (-12)/(-21)*7*(-2)/(-2) + 95879?
9
Let r(j) = -j**2 - j + 4. Suppose 0 = 12*x + 9 - 9. Let k be r(x). What is the hundreds digit of 5/20 - (635/k)/(-1)?
1
Suppose -42*l + 854500 = -470439 - 150479. What is the tens digit of l?
2
Let q(m) = m + 13. Let h be q(-12). Let p be (1 - 18/15)*-5 - h. Suppose p = 3*d + 5*f - 144 - 223, -580 = -5*d - 2*f. What is the units digit of d?
4
Let j = -20 + 60. What is the units digit of (-2 - 312/15)/((-3)/j)?
4
Let n(t) = 32*t**2 - 24*t - 7. Suppose -2*u = l + 1, -3*u - u = -3*l - 13. What is the hundreds digit of n(l)?
3
Let v = 21588 - 13323. What is the units digit of v?
5
Suppose 0 = -4*l - 3*v + 1160, 3*l - 4*v = 934 - 64. Suppose 2*x = -0*x + 404. Let y = l - x. What is the units digit of y?
8
Let p be -4*3/18 + (-1060)/(-15). Suppose -24*k + p = -19*k. Suppose 527 + 761 = k*q. What is the tens digit of q?
9
Suppose -2*g - 3*g = 5*i - 25, 5*g + 25 = 5*i. Suppose -u - 3*m - 24 = 2*u, u + 3*m = g. What is the hundreds digit of (-650)/(-4) - (-4)/(32/u)?
1
Let w(m) = -834*m + 2085. What is the tens digit of w(-15)?
9
Suppose 5*q = 4*z + 1815, q - 392 = 7*z - 12*z. Let i = q - -820. What is the thousands digit of i?
1
Suppose -338 - 262 = -5*f. Let q(t) = -4 - f*t + 1 - 1. What is the hundreds digit of q(-1)?
1
Suppose 0 = -0*n - 5*n, 0 = -5*u - 2*n + 40. Let r be u/12*-1*21. Let w = r + 63. What is the units digit of w?
9
Let z(m) be the first derivative of -787*m**2/2 - 13*m + 24. Let p be z(-4). Suppose -r + p = 10*r. What is the units digit of r?
5
Suppose 9 = 3*n, -4*n + 5*n = u - 12630. What is the hundreds digit of u?
6
Let f = 93 - 15. Suppose 0 = l + f - 443. What is the hundreds digit of l?
3
Let p = 7438 + -3211. What is the tens digit of p?
2
Let t = -85 + 88. Suppose 2*n + 4*b + 1808 = 4*n, -899 = -n + t*b. What is the hundreds digit of n?
9
Suppose 0 = -47*t + 48*t - 1. What is the tens digit of (-4 - t)*(-14)/10*14?
9
Let d = -45 + 48. Suppose 0*s = s + d*h - 523, 3*s + 4*h = 1549. What is the units digit of s?
1
Let h(u) = -u**3 + 17*u**2 - 12*u - 1. Let j be (-13)/91 + (-54)/14. Let g be 390/25 - (0 - j/(-10)). What is the units digit of h(g)?
3
Suppose 15*h = 19*h + 52. Let r be 162 - (h/5 - 6/15). Let t = -84 + r. What is the tens digit of t?
8
Suppose 0 = 78*k - 79*k + 8498. What is the units digit of k?
8
What is the ten thousands digit of (14/28)/(1/12) - (1 - 36258)?
3
Let d = 21652 + -5633. What is the hundreds digit of d?
0
Let y(v) = 113*v**2 + 19*v + 24. What is the thousands digit of y(8)?
7
Suppose 5*y = -4*m + 49 - 1162, 4*m + 2*y + 1122 = 0. Let p = m - -351. What is the tens digit of p?
6
Let g = -2654 - -7756. What is the hundreds digit of g?
1
Suppose 4*y = -2*t + 5 + 13, 4*y = t + 9. Suppose 5*b = t*i - 131, -5*i + 214 = 5*b - 71. Suppose -2*d + i = -22. What is the units digit of d?
7
Suppose 46221*k - 46252*k = -2136830. What is the ten thousands digit of k?
6
Suppose 2*w + 449*c = 453*c + 122448, 3*w = c + 183702. What is the tens digit of w?
3
Suppose -3*f - 2*h - 22 - 2 = 0, 4*h - 6 = 3*f. Let y be (-2)/(8/f + 2). What is the units digit of ((-1 - y) + -4)*-10?
0
Suppose s + c = 5, -21 = -3*c - 12. Suppose -3*u = -3*a - s*a - 1040, 5*u - 1684 = -4*a. What is the units digit of u?
0
Let r = 6897 - 1069. What is the thousands digit of r?
5
Let w be 16/72 + (-4018)/18. Let f = 342 + w. Suppose 0 = -4*v - h + f, 0 = 4*v - v - 5*h - 72. What is the tens digit of v?
2
Let a be -7 + 1 - (3 + -7). Let m(w) = -w + 2. Let q be m(a). Suppose -q*d + 876 = -0*d. What is the tens digit of d?
1
Let c = 3983 - 2875. What is the hundreds digit of c?
1
Let r(p) = 79*p - 2. Let f = 421 - 417. What is the hundreds digit of r(f)?
3
Let q be (-2)/28*2 + 3345/(-105). Let b = 305 - q. What is the units digit of b?
7
Let g be (-30*7/(-84))/((-10)/(-12)). What is the tens digit of -5 - (23542/(-12) + g/(-18))?
5
Let k = -3 + -4. Let h(d) = d**2 + 5*d - 8. Let t be h(k). Suppose 7*u = 10*u - t. What is the units digit of u?
2
Suppose -2*a = 2*y - 4*y - 58, -y + 111 = 4*a. Suppose -31*b + 633 = -a*b. Suppose b + 2231 = 11*u. What is the tens digit of u?
2
Let q be (-1 + (-14)/(-6))*(-9)/(-6). Suppose c = -q*c + 30. Let s = 25 - c. What is the tens digit of s?
1
Let r = 346 - 343. Let v(g) = 258*g + 62. What is the tens digit of v(r)?
3
Suppose -2*n + 6 = -3*t, -4 + 6 = -t - 5*n. What is the hundreds digit of (-3087)/(-14)*(1 - t/2)?
4
Let k(w) = 1704*w + 24. Let l(j) = 568*j + 8. Let b(v) = 4*k(v) - 11*l(v). Let t be b(-2). What is the tens digit of (-1)/(-1) - t/12?
9
Let r = -5008 - -33712. What 